he units digit of h?
3
Suppose -2058 = 6*j - 8730. What is the units digit of j?
2
Suppose -51*r - 15864 = -63*r. What is the units digit of r?
2
Suppose -11 = -t - 6. Suppose t*q = 4 + 16. Suppose 2*s = -5*c + 20, -3*c + 16 = -5*c + q*s. What is the units digit of c?
2
Let l = -55 + 55. Suppose -7*k + 537 - 96 = l. What is the units digit of k?
3
Let x(f) = f**2 + 13*f - 14. Let r be x(-14). Suppose r = a - 2 - 3. Suppose 3*o = 5*m + 28, a*m - 49 = o - 5*o. What is the units digit of o?
1
Suppose -2*k + 836 = 2*p, 3*k - 4*p = 1189 + 51. What is the hundreds digit of k?
4
Suppose -5*o - 3*n = -11, -o - 4*n = -5*o + 28. Let x be 7/(7/o) + 0. What is the units digit of (14/x)/(10/60)?
1
Let a(n) = n**3 - 26 + 8*n**2 + 8*n + 6*n**2 - 30*n + 0*n**3. What is the units digit of a(-15)?
9
What is the units digit of ((-26*5)/(-5))/1?
6
Let b be ((-91)/3)/(1/(-3)). Let w = -309 + 311. Suppose -6 = w*p - 2*o - 118, -2*p - 5*o = -b. What is the tens digit of p?
5
Let d be 15/(-3) - 0 - 18/9. What is the hundreds digit of ((-142)/(-8))/(d/(-56))?
1
Let i(k) = -158*k - 51. What is the hundreds digit of i(-5)?
7
Let t be (1755/54)/(1/2). Suppose 5*q + d - 352 = -d, -q = -5*d - t. What is the units digit of q?
0
Let h be 2/14 + 165/(-77). Let b(m) = m**3 + 3*m**2 - 2*m - 2. What is the units digit of b(h)?
6
Suppose 5*l + 0*m - 2*m = 54, l + 3*m = 4. Let f(k) be the second derivative of k**5/20 - 3*k**4/4 - 2*k**3/3 - 7*k**2/2 + k. What is the units digit of f(l)?
3
Suppose b - 519 - 131 = -5*j, j + 5*b - 106 = 0. What is the tens digit of j?
3
Let r(f) = f**3 - 14*f**2 + 13*f + 3. Let c be -1 + (-4)/6*-21. Let n be r(c). What is the units digit of (6/n - 3)*-19?
9
Let z be 124/((5/25)/(2/4)). Suppose -5*t = -0*t - z. What is the units digit of t?
2
Suppose 3*w + 6526 = 4*p, 35*w - 34*w + 8163 = 5*p. What is the thousands digit of p?
1
Let f(y) be the second derivative of -y**4/12 - 7*y**3/2 + 39*y**2/2 - 5*y. What is the units digit of f(-19)?
7
Suppose 40*o - 43*o = -1260. What is the hundreds digit of o?
4
Let o(l) be the first derivative of 2*l**2 - 2*l - 5. Let w be o(-5). What is the tens digit of (-488)/w - 8/44?
2
Suppose -7*s = -r - 4*s + 562, -554 = -r + 5*s. Suppose 16*n - r - 3330 = 0. What is the units digit of n?
4
Suppose -106 = 3*n - 2*r, -4*n - r - 80 = -2*n. Let f be (n/3)/((-14)/(-21)). What is the units digit of 1/((-1)/f - 0)?
9
Suppose j + 51 = 4*j. What is the tens digit of (j/(-3))/(11/(-66))?
3
Let f = 114 - 165. Let w = 59 + f. What is the units digit of w?
8
What is the units digit of ((-94)/5)/(-2*(-2)/(-140))?
8
Let h(n) = 4*n**2 - 3*n + 9. Let z be h(4). Suppose -5 = y - z. What is the units digit of y?
6
Let l be 30/10*(-4)/3. Let b(z) = -z**3 - 2*z**2 - 2*z + 5. What is the units digit of b(l)?
5
Suppose 183*g - 236*g = -165360. What is the tens digit of g?
2
Let j = -547 + 647. What is the units digit of j?
0
Let i be ((-6)/(-8))/(12/32). Suppose 2*u - 18 = -u. Suppose 5*n - 4*v = 176, u*n = 2*n - i*v + 120. What is the tens digit of n?
3
Let z(l) be the first derivative of -l**3/3 + 3*l**2/2 - 8*l - 4. Let d(c) be the first derivative of z(c). What is the units digit of d(-17)?
7
Suppose 654 = c + 35*l - 30*l, -4*c - 5*l + 2676 = 0. What is the tens digit of c?
7
Let h(y) be the third derivative of y**6/120 - y**5/60 + y**4/24 - y**3/2 - 3*y**2. Suppose 3*a - 15 = -2*a. What is the tens digit of h(a)?
1
Let n = -923 + 649. Let b = 436 + n. What is the tens digit of b?
6
Suppose g + 4*p - 1 = -5, -28 = -5*g + 4*p. Suppose 2*u = g*u - 254. What is the hundreds digit of u?
1
Let n(k) = 101*k - 14. What is the tens digit of n(5)?
9
Let h(u) = 24*u**2 + 31*u - 198. What is the hundreds digit of h(9)?
0
Let j(s) = 9*s**3 - s**2 + 3*s - 1. Let n be j(1). Let b = 82 + -43. Let k = n + b. What is the units digit of k?
9
Suppose -2*u = 3*k - 13, 24 = 3*u - 5*k - 24. Suppose -u*l = -8*l - 168. What is the tens digit of l?
5
Suppose 0 = 4*y - 12, 4*y - 386 - 1434 = -2*q. What is the tens digit of q?
0
Suppose 0*h + 223 = 4*z - h, -4*h + 305 = 5*z. Let c(a) = -4*a - 54. Let s be c(-23). Suppose s = 5*j - 5*u - z, -j = -4*u - 10. What is the tens digit of j?
2
Let x = -36 + 52. Suppose -4*i - y = 33, -2 = i + y + 10. Let v = x + i. What is the units digit of v?
9
Let o(f) = f**3 + 14*f**2 + 2*f - 31. Let x be o(-13). Let h = x - 27. What is the units digit of h?
5
Let a(v) be the second derivative of -5*v**4/12 - v**3 + 3*v**2/2 + 4*v. Let b(w) be the first derivative of a(w). What is the units digit of b(-4)?
4
Let u be (-1)/(1/2) + -27 + 54. Let q = u - -35. What is the tens digit of q?
6
Let g = -74 - -84. Suppose -2 - g = 4*h, 3*l - 5*h - 573 = 0. What is the hundreds digit of l?
1
Suppose u = 2 + 3. Let o = u + -5. What is the units digit of 4/(-12)*o - -41?
1
Suppose -78 = -5*u + 8*u. Let b = 28 + u. Suppose b = x + 1. What is the units digit of x?
1
Let i(d) = -d**3 - 9*d**2 - 10*d - 12. Let c be i(-8). Let v be c/6*54/12. Suppose v*q - 35 = -t, -t - 4*q = t - 66. What is the tens digit of t?
2
Let q(m) = -m - 7. Let n be q(-12). Suppose n*w = -5*a + 2*a + 393, -309 = -4*w + 3*a. What is the tens digit of w?
7
Suppose f - 4 - 256 = 0. What is the units digit of f?
0
Let d be (0 - -5)*12/(-10). Suppose -4*r = -s - 4 - 23, -4*r = -4*s - 60. Let o = d - s. What is the units digit of o?
5
What is the tens digit of (-14)/(-105) - 9973/(-15)?
6
Suppose 0*l + 3*l - 5*q = 94, l - 2*q - 32 = 0. Let r = l + 96. What is the hundreds digit of r?
1
Suppose 2 = 2*k - 22. Let q = k + 48. What is the tens digit of q?
6
Let o = 146 + -56. Suppose 2*w - 19 + o = 3*g, -5*w + 64 = 3*g. What is the tens digit of g?
2
Let u(m) be the second derivative of -11*m**3/3 - 3*m**2/2 - 2*m. Let b be u(-3). Suppose b = g - 5. What is the tens digit of g?
6
Let x = -217 + 1529. What is the thousands digit of x?
1
Let w = -928 - -2860. What is the units digit of w?
2
Let n = -65 - -65. Suppose 3*z - 5*q - 38 = -6*q, 5*q + 20 = n. What is the tens digit of z?
1
Let v = -10 + 8. Let y be 1/(v/(-6) + 0). Suppose 15 = y*c, -4*i + 2*c = -2*c. What is the units digit of i?
5
Let n(b) = 47*b**2 - b - 2. Let u be n(-2). Suppose u = 5*f - 12. Let m = f + -10. What is the units digit of m?
0
Let t(m) be the third derivative of -3*m**4/4 + 17*m**3/6 - 42*m**2. What is the tens digit of t(-9)?
7
Let o(s) = 146*s - 31. Let v(h) = -97*h + 21. Let j(u) = -5*o(u) - 7*v(u). What is the hundreds digit of j(-2)?
1
Let w(s) = -s - 1. Let z(c) = c**2 + 2*c. Let n(i) = w(i) + z(i). What is the tens digit of n(13)?
8
Let z(g) = -g + 18. Let f be ((-6 - -2) + 53)/1. Let m = -32 + f. What is the units digit of z(m)?
1
Let q(d) = 24*d - 4. Let o(z) = z. Let p(g) = 3*o(g) - q(g). What is the units digit of p(-2)?
6
Let b be ((-8)/(-3))/2*3. Let x = b + -1. Suppose -q = x*q - 88. What is the units digit of q?
2
Let q(b) = -b**2 + 3. Let r(y) = y**2 - 2. Let i = 21 - 15. Let n(m) = i*q(m) + 10*r(m). What is the units digit of n(3)?
4
Suppose 3*s = 4*w - 337, 5*s = -5*w - 150 + 545. What is the tens digit of w?
8
Let j be (5/(-20))/((-3)/84). Let y = 11 - j. Suppose -y*z + 10 = -2*z. What is the units digit of z?
5
Let i(h) = -h - 7. Let u be i(-15). Let m = 31 + u. What is the units digit of m?
9
Let b(u) = -6*u**3 - 17*u**2 + 8*u - 21. What is the hundreds digit of b(-6)?
6
Let r be (-506)/((12/8)/3*-2). Suppose 334 + r = 10*x. What is the units digit of x?
4
Let i(t) = 12*t**2 - 9*t + 12. What is the hundreds digit of i(7)?
5
Suppose 2*u + 0*u - 3*j - 84 = 0, -2*u + 80 = -2*j. Let o = -29 + u. Suppose 4*i = -4*z, 4*i + 9 = -o. What is the units digit of z?
4
Let p(l) = -1449*l + 24. What is the tens digit of p(-1)?
7
Suppose 2*c + 73 + 15 = 0. What is the tens digit of 3201/c*4/(-3)?
9
Let r be 1/(-1) + 0 + 14. Let a(l) = -l**3 + 13*l**2 + l - 19. Let o be a(r). Let x = o + 12. What is the units digit of x?
6
Let l be -3*5/(30/364). What is the units digit of (-30)/4*(-11)/((-231)/l)?
5
Let o(z) = -z**3 + 8*z**2 + 2*z + 1. Let n be o(8). Suppose 2*s + n = 3. Let t = 21 - s. What is the units digit of t?
8
Let d(i) = i**2 - 5*i + 68. What is the tens digit of d(5)?
6
Suppose 55*m = 45*m + 9920. What is the units digit of m?
2
Suppose 2*t + b = -b + 14, 31 = 3*t + b. Let o = t + -7. Supp